ppose -k = -5*h + 7. Suppose 0 = d - h*m - 26, 3*d - 6 + 3 = -3*m. What is the units digit of d?
6
Let n(t) = 2 + 5*t + 4 + 0 - 4*t**2 + 5*t**2. Let f be n(-4). Suppose 3*i = -4*v + 15, f*i + 2*v + 0*v = 10. What is the units digit of i?
5
Suppose 0 = 4*a + a - 515. What is the units digit of a?
3
Suppose -2*t + 2 = -0*t. Let j = t + 21. What is the units digit of j?
2
Let w = 2 - 3. Let d = w + -4. Let a = 11 + d. What is the units digit of a?
6
Let b = 23 + 106. What is the units digit of b?
9
Suppose 3*t + 19 = -2. Let u = 0 - -10. Let b = u + t. What is the units digit of b?
3
Let w = 155 - 107. Suppose 6*z - 3*z = w. What is the tens digit of z?
1
Let q = -19 - -55. What is the tens digit of q?
3
Let c(a) = -7*a - 3. Let i be c(-2). Let s be 50/6 + (-6)/(-9). Let m = i - s. What is the units digit of m?
2
Let u = -13 - -41. What is the tens digit of u?
2
Suppose -2*z - 85 = -7*z. What is the tens digit of z?
1
Let l = 485 - 342. What is the hundreds digit of l?
1
Let i = -5 - -9. Suppose -5*v - i*h = -17, 4*v - 3*h - 10 = -8*h. Suppose -15 + 0 = -v*w, 2*d = -2*w + 16. What is the units digit of d?
5
Let a be (4/(-5))/((-8)/20). Let o(n) = -n**2 + 2*n + 6 - a*n + 2*n**2 - 5*n. What is the units digit of o(6)?
2
Let h(u) = -u**3 - u**2 - 5. Let x be h(0). Let s(i) = -4*i + 2. What is the tens digit of s(x)?
2
Suppose 5*n - 2*n - 15 = 0. Suppose n*x = -5*c, -4*x + 9 = 5*c - 2*x. What is the units digit of c/(-15) + (-71)/(-5)?
4
Let b(v) = -v**3 + 9*v**2 - 6*v + 5. Let d be b(6). Suppose -2*g = -4*h + 40, -27 + d = 4*h + 3*g. What is the units digit of h?
1
Suppose 51 = 17*f - 16*f. What is the tens digit of f?
5
Let y(k) = -9*k + 25. Let l(f) = f - 3. Let t(q) = -51*l(q) - 6*y(q). What is the tens digit of t(5)?
1
Suppose -3*j - 2 = -41. What is the units digit of j?
3
Suppose -h - 5 = -2*i, -h + 2*i = -2*h + 15. Suppose -6 - 29 = -h*n. What is the units digit of n?
7
Suppose 3*u + 5*q = -11, -u - 2*q - 2*q = -1. Let b = -4 - u. What is the tens digit of 3*(-1 - (-14)/b)?
1
Let s(q) = 6*q**2 + 3*q - 2 - q**3 + 6 - 1. Let l be s(6). Suppose 2*c - u = c + 9, 5*c = -u + l. What is the units digit of c?
5
Suppose -5*t = 2*h - 489 - 383, -5*h = -4*t + 691. What is the tens digit of t?
7
Suppose 0 - 27 = -3*s. Suppose -7*w + 4*w + s = 0. What is the units digit of w?
3
Let o(c) = c**2 + 4*c - 3. Suppose 0*i + 20 = -4*i. Let h be o(i). Let t = h + -1. What is the units digit of t?
1
Suppose -b + 26 = -23. Suppose t - 20 = 4*x, -6*t + b = -3*t - x. What is the tens digit of t?
1
Let a be (-15)/4*8/(-3). Suppose 0 = -u - 5*i - 9, 4*u - 5*i + a = -1. Let j = u - -12. What is the units digit of j?
8
Suppose -x + 151 = 4*x - 2*z, -91 = -3*x + z. What is the tens digit of x?
3
Let k(m) = -5*m**2 - 24*m - 3. Let w(d) = -3*d**2 - 12*d - 2. Let r(s) = -4*k(s) + 7*w(s). What is the units digit of r(8)?
0
Let l = -18 - -9. Let u(y) = y**2 - y - 1. Let z(k) = 4*k**2 + 5*k - 15. Let b(h) = 3*u(h) - z(h). What is the units digit of b(l)?
3
Let z(o) = o - 9. Let v be z(4). Let y(w) = -8*w - 11. Let g(x) = 7*x + 10. Let q(a) = -7*g(a) - 6*y(a). What is the units digit of q(v)?
1
Let y be (-10)/(-4)*92/5. Let h = -30 + y. What is the units digit of h?
6
Let h(l) = -16*l + 1. What is the tens digit of h(-2)?
3
Suppose 3*j + 1 = 4*j + 5*o, -3*j = -4*o - 60. Suppose j - 46 = -5*m. What is the units digit of m?
6
Suppose 4*s - 39 = 4*q - 147, 3*s + 9 = 0. What is the tens digit of q?
2
Suppose -l = -5*l - 100. Let k = l + 34. What is the units digit of k?
9
Suppose 2*v - 11 = -2*t + v, 3*t = -2*v + 17. What is the tens digit of ((-2)/5)/(t/(-325))?
2
Suppose 8*s - 5*s - 84 = 0. What is the tens digit of s?
2
Suppose 0 = 5*c - 2*c - 105. What is the tens digit of c?
3
Let t(m) = m**3 + 3*m**2 + m - 1. Let q be t(-3). Let o be 2 - (3 - (-12 + -2)). Let v = q - o. What is the tens digit of v?
1
Suppose 1 = k - 4. What is the units digit of ((-3)/(2 - k))/1?
1
Let h be (1 + 5)*(-1)/(-3). What is the units digit of 4/h*1/2?
1
What is the units digit of -3 - (70 - 1)/(-3)?
0
Suppose -2*l + 21 + 9 = 0. Suppose k = -2*s + l, 0*s - s = 3*k - 35. Suppose 0 = -2*a - 5*m + k, m = 3*m + 2. What is the units digit of a?
8
What is the units digit of (-2)/(-15) + 1376/30?
6
Let j(t) = -t**3 + 2*t**2 - 1. Let p be j(-1). Let g = 3 + p. What is the units digit of g?
5
Let v = 19 + -3. Suppose -4 + v = 4*l. Suppose 10*q - 5 = 5*q - 2*i, -l*q + 4*i + 3 = 0. What is the units digit of q?
1
Let o be 2/5 - 128/20. What is the units digit of 24 + o - (1 + 3)?
4
Let b = -8 - -12. Suppose b = -w + 3*w. Suppose 3*d = -5*x + 53, 2*d = x - w*d - 6. What is the tens digit of x?
1
Let m be 3*((-34)/6 + 3). Let h be 16 + 1*(1 - 1). Let k = h + m. What is the units digit of k?
8
Let y(a) = a**3 - 6*a**2 - 5*a + 2. Let t be y(7). What is the units digit of 1/4 + 284/t?
8
Let c(j) = -j**2 + 14*j - 7. Let b be c(7). Suppose 0 = r + r - b. What is the units digit of r?
1
Suppose -237 = -15*z + 12*z. What is the tens digit of z?
7
Let s = 14 + 4. What is the units digit of s?
8
Let h(f) = f**3 - 7*f**2 + 9*f - 8. What is the units digit of h(7)?
5
Let g(i) = -2*i + 1 + i + 3. Let t(n) = n - 7. Let w be t(0). What is the units digit of g(w)?
1
Let u be (1/2 - 1)*0. Suppose -11 = -x - u*x. What is the tens digit of x?
1
Suppose -a + 1 - 2 = 0. Let n(b) = b**2 + 11*b + 14. Let v be n(-9). What is the units digit of 1*a*v/2?
2
Let q be 1 - -2 - (-2 + 0). Suppose -3*i + 4*y - 1 = 0, q*i + 3*y - 8*y - 5 = 0. What is the units digit of i?
5
Suppose -k = -4*h + 145, 4*h + k + 1 = 144. What is the units digit of h?
6
Let m(z) = -z + 11. Let q be m(8). Let g be 2/(-1) + (1 - -17). Suppose g = q*r + r. What is the units digit of r?
4
Let u = 2 + 7. Suppose 4*m = -3*k - u, 3*m = 4*k - 0*m - 13. Let b = 5 - k. What is the units digit of b?
4
Let v = 21 + -6. Let n(h) = -24*h**3 + 2*h**2 + 2*h + 1. Let x be n(-1). Let u = x - v. What is the units digit of u?
0
Suppose 9*m = 946 - 163. What is the units digit of m?
7
Let y be 0 + 9/6*-2. Let t = y - -6. What is the units digit of t?
3
Let j(n) = -2*n**3 - 3*n**2 - 4. Let a be j(-3). Suppose r - 2*r = -a. What is the units digit of r?
3
Suppose -5*v + 7*v - 54 = 0. Let n = 47 - v. What is the units digit of n?
0
Let k = 15 - -19. What is the tens digit of k?
3
What is the tens digit of (3/3 - -4)*51 - -2?
5
Let z(g) = g + 6. What is the units digit of z(4)?
0
Let r = 7 + -2. Suppose -2*v - 3*y + 13 = -6*v, -r*v = -y + 8. What is the units digit of (-1)/v + 6/2?
4
Let z be -2 - (-12)/(-9)*-3. Suppose p = 8 + z. What is the tens digit of p?
1
Let o(p) = 3*p - 9. What is the units digit of o(4)?
3
Suppose 0 = 3*f - 8*f + 395. Let s = f - 56. What is the tens digit of s?
2
Suppose 0 = 2*y - 44 + 6. Suppose -3*s - c = -s - y, 5*c - 40 = -5*s. What is the units digit of s?
1
Let q = -28 + 39. Suppose 0*r + 3*r - q = d, 0 = -5*d + 5. Suppose 2*x - 12 = -4, -4*x - 28 = -r*g. What is the tens digit of g?
1
Suppose 4*h + 16 = -c, -5*c + 5*h - 24 = -69. Suppose c*n - 6 = 42. What is the tens digit of n?
1
Let g = -12 - -13. Let l be (-8)/10*40/(-2). What is the units digit of (-1 + l)/g + 0?
5
Let g(h) = -2*h**3 + 11*h**2 + 11*h - 4. Let f(l) = -l**3 + l**2 + l. Let p(w) = 3*f(w) - g(w). What is the units digit of p(-7)?
1
Let t(b) = 39*b**3 - 2*b**2 + 2*b - 1. What is the tens digit of t(1)?
3
Suppose 0 = 7*r + 53 - 333. What is the units digit of r?
0
Let v(h) = 9*h**2 - 10*h - 3. What is the tens digit of v(3)?
4
What is the tens digit of (-108)/15*10/(-3)?
2
Let m(k) = -k - 8. Let q be m(-10). Suppose -4*f + 36 = d - 2*d, 0 = q*f + 3*d - 32. What is the units digit of f?
0
Let n(d) = -d**2 - 8*d - 5. Let h be n(-5). Suppose -h = -2*j + 6. What is the units digit of j?
8
Suppose 4*b + 0*b = 0. Suppose -h + 2 + b = 0. What is the units digit of h?
2
Let b = 8 - -28. What is the units digit of b?
6
Let j(l) = l**3 - 12*l**2 + 11*l + 8. Let i be j(11). Suppose 4*b - 80 = i. What is the units digit of b?
2
Let h(w) be the second derivative of -w**3/3 - 3*w**2 - w. Let i be h(-4). Suppose i*j + 8 = -4*b, 6*j - b - 24 = j. What is the units digit of j?
4
Suppose 3*m = 2*r + 3*r + 282, -5*m + 486 = -3*r. What is the units digit of m?
9
Let g = -13 + 44. What is the units digit of 